{"id":26,"date":"2013-12-08T18:18:25","date_gmt":"2013-12-08T17:18:25","guid":{"rendered":"http:\/\/reitverein-hechtsheim.de\/?page_id=26"},"modified":"2023-03-26T18:05:56","modified_gmt":"2023-03-26T16:05:56","slug":"ueber-uns","status":"publish","type":"page","link":"http:\/\/reitverein-hechtsheim.de\/?page_id=26","title":{"rendered":"\u00dcber uns"},"content":{"rendered":"<p>Die Anlage des Reitvereins befindet sich am s\u00fcdwestlichen Stadtrand vom Mainz. Hier liegen unsere ca. 15.000 Quadratmeter gro\u00dfen baumbestandenen Reitpl\u00e4tze. Vor der T\u00fcr beginnt ein weitl\u00e4ufiges Ausreitgel\u00e4nde, leicht h\u00fcgelig, zumeist \u00fcber Wiesenwege und Weinberge, im Herbst \u00fcber Stoppel\u00e4cker.<a href=\"http:\/\/reitverein-hechtsheim.de\/wp-content\/uploads\/2014\/02\/springplatz.jpg\"><img loading=\"lazy\" decoding=\"async\" class=\"alignnone size-medium wp-image-59\" style=\"width: 511px;\" src=\"http:\/\/reitverein-hechtsheim.de\/wp-content\/uploads\/2014\/02\/springplatz-300x224.jpg\" alt=\"springplatz\" width=\"300\" height=\"309\"><\/a><\/p>\n<p>Unser Verein z\u00e4hlt rund 160 Mitglieder, davon sind etwa die H\u00e4lfte Jugendliche. Er bietet Turnierreitern ebenso eine Heimat wie Freizeitreitern.<\/p>\n<p><\/p>\n<p><a href=\"http:\/\/reitverein-hechtsheim.de\/wp-content\/uploads\/2014\/02\/dressurplatz.jpg\"><img loading=\"lazy\" decoding=\"async\" class=\"size-medium wp-image-62 alignright\" src=\"http:\/\/reitverein-hechtsheim.de\/wp-content\/uploads\/2014\/02\/dressurplatz-300x224.jpg\" alt=\"dressurplatz\" width=\"300\" height=\"224\" srcset=\"http:\/\/reitverein-hechtsheim.de\/wp-content\/uploads\/2014\/02\/dressurplatz-300x224.jpg 300w, http:\/\/reitverein-hechtsheim.de\/wp-content\/uploads\/2014\/02\/dressurplatz-400x300.jpg 400w, http:\/\/reitverein-hechtsheim.de\/wp-content\/uploads\/2014\/02\/dressurplatz.jpg 871w\" sizes=\"auto, (max-width: 300px) 100vw, 300px\" \/><\/a><\/p>\n<p>Nach dem Reiten besteht die M\u00f6glichkeit, sich zu einem geselligen Beisammensein in der angrenzenden griechischen Gastst\u00e4tte zu treffen.<\/p>\n\n\n<p><\/p>\n\n\n\n<p><\/p>\n\n\n\n<p>Der Verein bietet <strong>KEINEN REITUNTERRICHT!!!<\/strong> Anfragen zum Reitunterricht bitte an Familie Kerz! Tel.: 06131-593688 oder Mail: reithalle.kerz@t-online.de<\/p>\n","protected":false},"excerpt":{"rendered":"<p>Die Anlage des Reitvereins befindet sich am s\u00fcdwestlichen Stadtrand vom Mainz. Hier liegen unsere ca. 15.000 Quadratmeter gro\u00dfen baumbestandenen Reitpl\u00e4tze. Vor der T\u00fcr beginnt ein weitl\u00e4ufiges Ausreitgel\u00e4nde, leicht h\u00fcgelig, zumeist \u00fcber Wiesenwege und Weinberge, im Herbst \u00fcber Stoppel\u00e4cker. Unser Verein &hellip; <a href=\"http:\/\/reitverein-hechtsheim.de\/?page_id=26\">Weiterlesen <span class=\"meta-nav\">&rarr;<\/span><\/a><\/p>\n","protected":false},"author":6,"featured_media":0,"parent":0,"menu_order":0,"comment_status":"closed","ping_status":"open","template":"","meta":{"footnotes":""},"class_list":["post-26","page","type-page","status-publish","hentry"],"_links":{"self":[{"href":"http:\/\/reitverein-hechtsheim.de\/index.php?rest_route=\/wp\/v2\/pages\/26","targetHints":{"allow":["GET"]}}],"collection":[{"href":"http:\/\/reitverein-hechtsheim.de\/index.php?rest_route=\/wp\/v2\/pages"}],"about":[{"href":"http:\/\/reitverein-hechtsheim.de\/index.php?rest_route=\/wp\/v2\/types\/page"}],"author":[{"embeddable":true,"href":"http:\/\/reitverein-hechtsheim.de\/index.php?rest_route=\/wp\/v2\/users\/6"}],"replies":[{"embeddable":true,"href":"http:\/\/reitverein-hechtsheim.de\/index.php?rest_route=%2Fwp%2Fv2%2Fcomments&post=26"}],"version-history":[{"count":9,"href":"http:\/\/reitverein-hechtsheim.de\/index.php?rest_route=\/wp\/v2\/pages\/26\/revisions"}],"predecessor-version":[{"id":1248,"href":"http:\/\/reitverein-hechtsheim.de\/index.php?rest_route=\/wp\/v2\/pages\/26\/revisions\/1248"}],"wp:attachment":[{"href":"http:\/\/reitverein-hechtsheim.de\/index.php?rest_route=%2Fwp%2Fv2%2Fmedia&parent=26"}],"curies":[{"name":"wp","href":"https:\/\/api.w.org\/{rel}","templated":true}]}}